{"id":8,"date":"2015-10-04T14:08:11","date_gmt":"2015-10-04T14:08:11","guid":{"rendered":"http:\/\/photobooth.reithmeyer.de\/?page_id=8"},"modified":"2022-09-14T09:50:17","modified_gmt":"2022-09-14T07:50:17","slug":"ueber-mich","status":"publish","type":"page","link":"https:\/\/reithmeyer.de\/","title":{"rendered":"Herzlich Willkommen"},"content":{"rendered":"ngg_shortcode_0_placeholder\n<table>\n<tbody>\n<tr>\n<td width=\"307\"><strong>Mein Name ist Jens Reithmeyer<\/strong>&nbsp;&nbsp;&nbsp;<\/p>\n<p>Ich bin ein leidenschaftlicher Fotograf aus Waibstadt.<br \/>\nMein Schwerpunkt liegt in der Hochzeitsfotografie.<\/p>\n<p>Hier bin ich haupts\u00e4chlich f\u00fcr Reportagen und Portraitfotografie im Bereich Sinsheim, Mosbach, Heidelberg, Mannheim und Heilbronn unterwegs.<\/p>\n<p><strong>Zus\u00e4tzlich verleihe ich Photobooth Systeme f\u00fcr Privat und Firmenevents.<\/strong><\/p>\n<p>&nbsp;<\/td>\n<td width=\"307\"><a href=\"https:\/\/reithmeyer.de\/wp-content\/uploads\/2019\/08\/jens.jpg\"><img loading=\"lazy\" decoding=\"async\" class=\"wp-image-643  alignright\" src=\"https:\/\/reithmeyer.de\/wp-content\/uploads\/2019\/08\/jens-700x856.jpg\" alt=\"\" width=\"233\" height=\"286\" srcset=\"https:\/\/reithmeyer.de\/wp-content\/uploads\/2019\/08\/jens-700x856.jpg 700w, https:\/\/reithmeyer.de\/wp-content\/uploads\/2019\/08\/jens-245x300.jpg 245w, https:\/\/reithmeyer.de\/wp-content\/uploads\/2019\/08\/jens-768x939.jpg 768w, https:\/\/reithmeyer.de\/wp-content\/uploads\/2019\/08\/jens-520x636.jpg 520w, https:\/\/reithmeyer.de\/wp-content\/uploads\/2019\/08\/jens-740x904.jpg 740w, https:\/\/reithmeyer.de\/wp-content\/uploads\/2019\/08\/jens.jpg 900w\" sizes=\"auto, (max-width: 233px) 100vw, 233px\" \/><\/a><\/td>\n<\/tr>\n<\/tbody>\n<\/table>\n<p>&nbsp;<\/p>\n","protected":false},"excerpt":{"rendered":"<p>&nbsp; Mein Name ist Jens Reithmeyer&nbsp;&nbsp;&nbsp; Ich bin ein leidenschaftlicher Fotograf aus Waibstadt. Mein Schwerpunkt liegt in der Hochzeitsfotografie. Hier bin ich haupts\u00e4chlich f\u00fcr Reportagen und Portraitfotografie im Bereich Sinsheim, Mosbach, Heidelberg, Mannheim und Heilbronn unterwegs. Zus\u00e4tzlich verleihe ich Photobooth Systeme f\u00fcr Privat und Firmenevents. &nbsp; &nbsp;<\/p>\n","protected":false},"author":1,"featured_media":0,"parent":0,"menu_order":0,"comment_status":"closed","ping_status":"closed","template":"","meta":{"ngg_post_thumbnail":0,"footnotes":""},"class_list":["post-8","page","type-page","status-publish","hentry"],"_links":{"self":[{"href":"https:\/\/reithmeyer.de\/index.php?rest_route=\/wp\/v2\/pages\/8","targetHints":{"allow":["GET"]}}],"collection":[{"href":"https:\/\/reithmeyer.de\/index.php?rest_route=\/wp\/v2\/pages"}],"about":[{"href":"https:\/\/reithmeyer.de\/index.php?rest_route=\/wp\/v2\/types\/page"}],"author":[{"embeddable":true,"href":"https:\/\/reithmeyer.de\/index.php?rest_route=\/wp\/v2\/users\/1"}],"replies":[{"embeddable":true,"href":"https:\/\/reithmeyer.de\/index.php?rest_route=%2Fwp%2Fv2%2Fcomments&post=8"}],"version-history":[{"count":59,"href":"https:\/\/reithmeyer.de\/index.php?rest_route=\/wp\/v2\/pages\/8\/revisions"}],"predecessor-version":[{"id":745,"href":"https:\/\/reithmeyer.de\/index.php?rest_route=\/wp\/v2\/pages\/8\/revisions\/745"}],"wp:attachment":[{"href":"https:\/\/reithmeyer.de\/index.php?rest_route=%2Fwp%2Fv2%2Fmedia&parent=8"}],"curies":[{"name":"wp","href":"https:\/\/api.w.org\/{rel}","templated":true}]}}